False
Is 884 a factor of 725837615?
False
Is 147018920 a multiple of 898?
False
Is 9811965 a multiple of 4?
False
Is 2099 a factor of 1688207439?
False
Is 157 a factor of 14177571?
True
Is 1133 a factor of 536700220?
False
Is 189516757 a multiple of 339?
False
Is 792078 a multiple of 6?
True
Is 188859045 a multiple of 198?
False
Does 30 divide 85933800?
True
Is 45 a factor of 48518212?
False
Is 582968286 a multiple of 447?
False
Is 1227 a factor of 63189664?
False
Does 143 divide 51422801?
False
Is 1296 a factor of 271665719?
False
Is 15 a factor of 181904640?
True
Is 5715840 a multiple of 832?
True
Is 151207212 a multiple of 806?
True
Does 21 divide 183753158?
False
Is 577 a factor of 1612099238?
False
Is 10 a factor of 60143240?
True
Is 10 a factor of 98774966?
False
Does 3218 divide 2044821189?
False
Is 53 a factor of 76658723?
True
Is 268692812 a multiple of 3716?
True
Is 28 a factor of 1648136?
True
Does 14 divide 2027910000?
False
Does 60 divide 84671880?
True
Is 29 a factor of 2952839?
False
Does 17 divide 283037532?
False
Is 27029354 a multiple of 11?
True
Is 134 a factor of 51956895?
False
Is 33948954 a multiple of 39?
True
Does 1397 divide 27656785?
False
Is 113 a factor of 157961005?
True
Is 1066 a factor of 1506615341?
False
Does 1162 divide 196663852?
True
Is 1930023469 a multiple of 16?
False
Is 2570699 a multiple of 2?
False
Is 97 a factor of 188648898?
True
Does 1067 divide 2706979?
True
Does 47 divide 15072401?
False
Is 35 a factor of 12351080?
True
Does 28 divide 768909639?
False
Is 456 a factor of 81061193?
False
Is 11 a factor of 209644772?
False
Is 207 a factor of 145718380?
False
Is 1229 a factor of 93873478?
True
Does 344 divide 5760843?
False
Is 2 a factor of 20882599?
False
Is 610 a factor of 2164095196?
False
Is 1954020150 a multiple of 30?
True
Does 475 divide 18309140?
False
Is 719 a factor of 957277319?
True
Does 16 divide 21938608?
True
Is 5444667 a multiple of 1670?
False
Is 48 a factor of 5041440?
True
Is 5848770 a multiple of 930?
True
Is 4263562176 a multiple of 143?
False
Does 19 divide 440198507?
False
Is 1316 a factor of 595453152?
True
Does 371 divide 30558688?
False
Does 1535 divide 161406785?
True
Does 390 divide 7301237?
False
Does 11 divide 1400614026?
False
Is 9 a factor of 601052106?
False
Does 125 divide 949926875?
True
Is 49 a factor of 17387993?
True
Does 3224 divide 22851712?
True
Is 2566 a factor of 474253252?
True
Is 78 a factor of 17132616?
False
Is 350 a factor of 15422050?
True
Is 2302101344 a multiple of 32?
True
Is 67801121 a multiple of 313?
True
Is 11 a factor of 1600418861?
False
Is 12 a factor of 442237776?
True
Is 350827932 a multiple of 777?
True
Is 54823252 a multiple of 338?
False
Does 112 divide 8986864?
False
Does 2102 divide 87233000?
True
Is 29 a factor of 1165630901?
True
Is 29941993 a multiple of 96?
False
Does 24 divide 902246280?
True
Does 86 divide 127801590?
True
Is 3466 a factor of 197649104?
False
Is 12 a factor of 5542949676?
True
Is 67240943 a multiple of 2804?
False
Does 12 divide 43331103?
False
Is 13171684 a multiple of 66?
False
Does 17 divide 94769543?
True
Does 70 divide 604154095?
False
Is 403 a factor of 247459?
False
Is 22819245 a multiple of 67?
False
Is 47502429 a multiple of 72?
False
Is 3 a factor of 63558677?
False
Is 983 a factor of 9499712?
True
Is 2108 a factor of 372340256?
True
Is 144 a factor of 42041088?
True
Does 19 divide 131565438?
False
Is 57081165 a multiple of 15?
True
Does 1381 divide 57941108?
False
Does 76 divide 764054262?
False
Is 142244507 a multiple of 19?
True
Does 81 divide 30339561?
False
Is 3450901557 a multiple of 94?
False
Is 18 a factor of 5331960?
True
Is 338677880 a multiple of 4?
True
Does 519 divide 763009156?
False
Is 2348 a factor of 979867360?
True
Is 227 a factor of 66794718?
False
Does 17 divide 2355869238?
False
Is 128454760 a multiple of 27?
False
Is 425201676 a multiple of 426?
True
Does 106 divide 399913938?
True
Is 107 a factor of 505032831?
True
Does 234 divide 43335609?
False
Is 19296756 a multiple of 36?
True
Is 7469116 a multiple of 1001?
False
Is 70402617 a multiple of 540?
False
Is 322 a factor of 1626942379?
False
Is 11995920 a multiple of 3?
True
Is 67016648 a multiple of 14?
False
Is 78894704 a multiple of 721?
True
Does 17 divide 3922196801?
False
Is 1357246511 a multiple of 66?
False
Is 2512259180 a multiple of 2916?
False
Is 2331484 a multiple of 101?
True
Is 1787 a factor of 1134841848?
False
Is 2486655797 a multiple of 2011?
True
Is 193556 a multiple of 1826?
True
Is 1318799 a multiple of 66?
False
Is 11 a factor of 1587107104?
True
Is 4 a factor of 24421473?
False
Does 3 divide 68695847?
False
Is 82495520 a multiple of 1843?
False
Does 107 divide 42152426?
False
Is 24341330 a multiple of 226?
True
Does 50 divide 616456104?
False
Is 108125365 a multiple of 4537?
False
Is 2224 a factor of 364482086?
False
Does 104 divide 22067344?
True
Is 11 a factor of 150328422?
False
Is 2260740631 a multiple of 323?
True
Does 270 divide 18232290?
True
Is 508826612 a multiple of 1418?
True
Is 685962580 a multiple of 48?
False
Is 31 a factor of 62064790?
True
Does 47 divide 27829088?
False
Is 78 a factor of 5045081?
False
Does 66 divide 17896890?
True
Does 568 divide 101620880?
True
Does 63 divide 167795649?
True
Does 4 divide 6121177?
False
Is 843 a factor of 58032963?
True
Does 12 divide 6459445503?
False
Is 38915123 a multiple of 573?
False
Is 436280711 a multiple of 1643?
False
Is 1211144059 a multiple of 353?
True
Does 44 divide 160427080?
True
Is 25 a factor of 29269800?
True
Is 985 a factor of 44765374?
False
Is 240507354 even?
True
Is 3932 a factor of 1070201447?
False
Is 34775473 a multiple of 76?
False
Is 47130336 a multiple of 243?
True
Is 74806452 a multiple of 497?
True
Does 28 divide 24413964?
False
Is 30038672 a multiple of 3119?
False
Is 22 a factor of 4297626?
False
Is 36 a factor of 40518793?
False
Does 36 divide 21842974?
False
Does 26 divide 1884972500?
False
Is 224772555 a multiple of 686?
False
Is 38 a factor of 461434?
True
Is 50807925 a multiple of 25?
True
Is 345 a factor of 30108707?
False
Does 874 divide 166157888?
True
Is 2896977279 a multiple of 1253?
False
Is 360842234 a multiple of 19?
False
Is 44654374 a multiple of 94?
False
Is 67287140 a multiple of 2540?
True
Does 29 divide 281007100?
True
Does 1055 divide 95885967?
False
Does 14 divide 199834810?
True
Is 2 a factor of 21901724?
True
Is 262066697 a multiple of 13?
False
Is 1206 a factor of 37290726?
True
Is 1009788 a multiple of 39?
True
Does 10 divide 5298549?
False
Is 2478894190 a multiple of 662?
False
Does 95 divide 658231060?
True
Is 16212386 a multiple of 886?
False
Does 6 divide 13872090?
True
Does 349 divide 9761181?
True
Does 161 divide 31569041?
True
Is 1433 a factor of 44914609?
False
Does 13 divide 52185497?
True
Does 147 divide 2713279?
False
Is 753958571 a multiple of 30?
False
Does 247 divide 374962055?
True
Is 38 a factor of 2482145724?
False
Is 60694967 a multiple of 179?
False
Is 31 a factor of 75192918?
True
Is 151760224 a multiple of 3808?
True
Does 19 divide 46952078?
True
Does 646 divide 71361682?
True
Does 9 divide 900653490?
True
Is 16 a factor of 815855323?
False
Is 3518912 a multiple of 6?
False
Is 1289465873 a multiple of 40?
False
Is 3665341079 a multiple of 9?
False
Does 394 divide 32753358?
False
Is 1749905598 a multiple of 9447?
True
Is 1332216375 a multiple of 3361?
True
Does 31 divide 3883192883?
False
Is 11268936 a multiple of 87?
True
Is 152437780 a multiple of 148?
True
Is 1980 a factor of 7435545?
False
Does 22 divide 10012552?
True
Is 254389410 a multiple of 135?
True
Is 41274982 a multiple of 312?
False
Is 58416984 a multiple of 216?
True
Is 28907688 a multiple of 24?
True
Is 4906265352 a multiple of 19?
False
Is 2687 a factor of 400177597?
True
Does 21 divide 36924136?
False
Is 467 a factor of 75721248?
True
Is 20518680 a multiple of 2013?
False
Is 239663790 a multiple of 815?
True
Does 957 divide 152168562?
False
Is 160033687 a multiple of 7526?
False
Is 323160673 a multiple of 517?
True
Is 4 a factor of 156125484?
True
Is 316380420 a multiple of 155?
True
Is 263 a factor of 540738680?
False
Is 43013634 a multiple of 138?
True
Does 13 divide 15597289?
False
Is 11 a factor of 111348755?
F